8.
206
Calculate the greatest common factor of 1914 and 19770366.
66
What is the highest common factor of 3556 and 5874036?
28
Calculate the greatest common factor of 132 and 15309668.
44
What is the highest common factor of 8853 and 1163375?
227
Calculate the greatest common divisor of 424 and 59336.
8
Calculate the greatest common divisor of 7740124 and 90643.
3941
What is the greatest common factor of 542339590 and 1690?
1690
What is the highest common divisor of 1035428 and 240286?
758
What is the greatest common divisor of 137409 and 890958?
489
What is the highest common factor of 200711 and 159?
53
What is the highest common divisor of 88 and 12204379?
11
Calculate the greatest common divisor of 60 and 67958320.
20
What is the greatest common divisor of 22230 and 14466790?
2470
What is the greatest common factor of 21320 and 13526?
2
Calculate the highest common factor of 20081726 and 714.
238
Calculate the greatest common factor of 31 and 204907241.
31
Calculate the greatest common divisor of 7968288 and 312.
24
What is the greatest common factor of 1281388 and 25898?
1126
What is the highest common factor of 9072 and 1417122?
378
What is the greatest common factor of 24559 and 1304087?
41
What is the highest common factor of 1466225 and 1825?
25
Calculate the greatest common divisor of 2975 and 1063520.
85
What is the greatest common divisor of 34001 and 95533537?
3091
What is the greatest common divisor of 2600959 and 93346?
4243
Calculate the highest common divisor of 984 and 1715811.
3
What is the greatest common factor of 2284812 and 792?
36
Calculate the highest common divisor of 6856692 and 444.
444
What is the highest common divisor of 32284477 and 57?
19
What is the greatest common divisor of 46916960 and 27207?
3023
What is the greatest common divisor of 32392750 and 50?
50
What is the greatest common divisor of 215314 and 638?
22
What is the highest common factor of 64190 and 319640?
1310
Calculate the highest common factor of 2278473064 and 56.
56
What is the greatest common factor of 4985131 and 508?
127
Calculate the highest common divisor of 296 and 12237084.
148
Calculate the highest common divisor of 20748 and 3107013.
5187
What is the greatest common factor of 9677312 and 3256?
8
Calculate the highest common factor of 561888 and 38088.
72
Calculate the greatest common factor of 46188 and 5978780.
5132
Calculate the greatest common divisor of 5122566611 and 19.
19
What is the highest common factor of 360181881 and 3715?
743
What is the highest common factor of 4021905 and 3975?
795
What is the greatest common factor of 596464 and 4752?
176
Calculate the greatest common divisor of 26741 and 374517.
143
Calculate the greatest common factor of 16123 and 167.
1
Calculate the highest common factor of 1 and 1065990.
1
What is the greatest common factor of 32095564 and 3316?
3316
What is the highest common divisor of 114102464 and 6580?
1316
What is the greatest common divisor of 5500920 and 240?
120
Calculate the highest common divisor of 6231 and 14144091.
93
What is the greatest common factor of 506667560 and 56?
56
What is the greatest common factor of 13400736 and 48?
48
What is the greatest common divisor of 216 and 35512392?
24
What is the highest common factor of 812 and 4937912?
28
What is the greatest common divisor of 144 and 8435460?
12
Calculate the greatest common factor of 8972 and 121944.
4
What is the greatest common divisor of 1160959300 and 14610?
4870
Calculate the greatest common factor of 11544 and 16353519.
1443
Calculate the greatest common divisor of 17343 and 5390289.
423
What is the greatest common divisor of 25644 and 12288?
12
What is the highest common factor of 67594124 and 26?
26
What is the highest common divisor of 2548334 and 2807397?
5287
Calculate the greatest common factor of 603 and 344514.
201
Calculate the greatest common factor of 30024 and 47176.
8
What is the highest common divisor of 7540152 and 408?
24
What is the greatest common divisor of 4730 and 91210955?
2365
Calculate the greatest common factor of 23 and 52223133.
23
What is the greatest common factor of 226568 and 3466592?
1016
Calculate the greatest common factor of 33893691 and 156.
39
Calculate the highest common factor of 378 and 44713494.
126
What is the highest common factor of 4714996 and 39?
13
What is the greatest common divisor of 8036 and 3912748?
196
What is the highest common factor of 5613664 and 798?
266
Calculate the greatest common factor of 12729043 and 53071.
727
Calculate the greatest common factor of 1764376 and 237272.
1784
What is the highest common divisor of 15 and 997740465?
15
Calculate the greatest common divisor of 852960 and 29280.
480
Calculate the greatest common divisor of 2631 and 50887048.
877
What is the highest common factor of 13398 and 4939077?
957
What is the greatest common factor of 5647901 and 131887?
581
What is the greatest common divisor of 148158 and 36063?
9
What is the greatest common factor of 2752279 and 33700?
337
What is the greatest common factor of 700 and 152268700?
100
What is the greatest common factor of 14552 and 40538234?
3638
What is the highest common divisor of 86092335 and 85?
85
Calculate the greatest common divisor of 1531015993 and 13.
13
What is the highest common divisor of 703610 and 17750?
710
What is the highest common factor of 142945 and 36612?
113
What is the highest common factor of 172994 and 7370?
134
Calculate the highest common divisor of 292 and 74205814.
146
What is the greatest common divisor of 56770 and 2350?
10
Calculate the highest common divisor of 234039 and 17316.
39
What is the highest common factor of 9078510 and 6090?
210
What is the greatest common divisor of 48579956 and 368?
92
Calculate the highest common divisor of 4620 and 24757260.
660
Calculate the greatest common factor of 144 and 1344464.
16
What is the greatest common factor of 146710230 and 18?
6
Calculate the highest common divisor of 4343 and 26359.
43
Calculate the greatest common factor of 1570408 and 8532808.
7736
Calculate the greatest common factor of 212 and 1674120116.
212
What is the greatest common divisor of 3245 and 252854294?
649
What is the highest common divisor of 20091968 and 239552?
1216
What is the greatest common factor of 116062848 and 990?
198
Calculate the greatest common factor of 8325 and 9618300.
225
Calculate the greatest common factor of 17 and 402556379.
17
Calculate the greatest common factor of 48 and 56904832.
16
Calculate the highest common factor of 21451346 and 9618.
3206
What is the highest common divisor of 395387289 and 165?
33
Calculate the greatest common divisor of 51 and 1348201575.
51
Calculate the greatest common factor of 279 and 120195.
9
Calculate the highest common divisor of 3266730 and 24235.
185
What is the greatest common divisor of 7958738 and 3530?
706
Calculate the highest common divisor of 35218432 and 211.
211
What is the greatest common divisor of 19149608 and 24?
8
What is the greatest common divisor of 756983 and 369?
41
Calculate the greatest common factor of 780675121 and 157.
157
Calculate the highest common factor of 21369696 and 552.
24
What is the greatest common divisor of 79 and 1813653639?
79
What is the greatest common divisor of 19336 and 21944?
8
Calculate the greatest common factor of 124698875 and 750.
125
Calculate the greatest common divisor of 18377577 and 27.
27
What is the highest common factor of 10 and 2880828?
2
What is the greatest common factor of 52326 and 38204136?
3078
Calculate the greatest common factor of 611366 and 854.
14
Calculate the highest common divisor of 1105500 and 422400.
3300
What is the greatest common factor of 14523 and 44018085?
141
Calculate the greatest common divisor of 29223 and 7974441.
1719
Calculate the highest common factor of 936800 and 1440.
160
Calculate the highest common factor of 25448969 and 182.
91
What is the greatest common factor of 42997079 and 596?
149
Calculate the greatest common divisor of 98766465 and 1330.
665
Calculate the greatest common factor of 134085923 and 1857.
619
Calculate the highest common factor of 18640280 and 5769.
641
What is the highest common divisor of 1485 and 2904660?
1485
What is the greatest common factor of 670